 Suppose -199 = -2*o + x*d - 81, -5*d - 15 = 0. Suppose 0 = 4*l + o - 196. Is l prime?
False
Suppose 0 = -5*c - q + 634, 5*c - 9*c = -3*q - 511. Is c composite?
False
Let m = 2491 + -1704. Is m composite?
False
Let q be (-2)/1*36/8. Is (1338/q)/(12/(-18)) composite?
False
Is (-761 - 6)/(2/(-2)) composite?
True
Let z(b) = -b**3 - 4*b**2 - b - 5. Let f be z(-4). Let c be (f/1 - -1) + 0. Let i(y) = -y + 37. Is i(c) a composite number?
False
Let m(k) = k**3 + 13*k**2 - 5*k - 3. Let n be m(-7). Suppose -s + n = 4*s + 4*u, u = -4*s + 252. Suppose -2*p = 20 - s. Is p composite?
True
Suppose -2*n = -0*k - 2*k + 190, -4*n + 271 = 3*k. Suppose 0 = -3*x + 2*x + k. Is x a prime number?
False
Let v = 652 - 401. Is v prime?
True
Let z(a) = 5*a**3 + 4*a**2 - 4*a + 5. Is z(4) prime?
True
Suppose -5*k + 4757 - 1852 = 0. Is k a prime number?
False
Suppose -8*d + 12*d = 0. Suppose -4*u - 6 + 158 = d. Is u composite?
True
Suppose 0 = 6*d + 4*d - 4510. Is d prime?
False
Let b = -195 + 364. Is b a composite number?
True
Let y(z) = -2*z**3 - 12*z**2 - 16*z + 1. Is y(-7) prime?
True
Let b(o) = 5*o. Let d(c) = c**2 - c. Let g(h) = -b(h) + 2*d(h). Let v be g(6). Suppose -f + v = f. Is f composite?
True
Is (-3 + 4)*1*691 prime?
True
Let f = 17 - 15. Suppose -f*d - 51 = -497. Is d prime?
True
Suppose 2*n - 999 = 6319. Is n a prime number?
True
Suppose i + 0*i = 5*c - 40, -5*c = -2*i - 45. Is 104/c + (-6)/(-42) composite?
True
Suppose z + 510 = 6*z. Suppose -5*u + 63 = -z. Is u prime?
False
Suppose -5*l = -0*l - 200. Let n be (-8)/12 - l/(-6). Let p = 0 + n. Is p a composite number?
True
Let d be 33 - (-2 + 0 + 2). Let v = d + 13. Is v composite?
True
Let r = 2 - 0. Suppose -2*m = r - 4. Is (-32)/(m - 3) + -2 a composite number?
True
Let n = 205 - 60. Is n a prime number?
False
Suppose 0*k - 1495 = -5*k. Let t = -42 + k. Is t composite?
False
Suppose 5*n = 4*w + 5123, 4*n + 5*w - 406 = 3717. Is n prime?
False
Let a(l) = 89*l - 68. Is a(15) composite?
True
Let b = -103 + 342. Is b prime?
True
Let n = -203 - -91. Let c = n - -273. Suppose w - c = -0*w. Is w composite?
True
Suppose -l + 0 - 4 = 0. Let f = 27 + l. Is f a prime number?
True
Let d(x) = x**2 + 2*x - 4. Let w be (-1 - (-1 - -2)) + -3. Let i(g) = -g**2 - 6*g. Let t be i(w). Is d(t) a composite number?
False
Let h(u) = -119*u - 6. Let c(q) = -q - 1. Let v(w) = -5*c(w) + h(w). Is v(-1) a composite number?
False
Let p = -9 - -11. Suppose p*t - 1113 = -t. Is t a prime number?
False
Let w(p) = p**3 + 9*p**2 + 7*p + 15. Let l be w(-10). Let u = 276 + l. Let x = u - 68. Is x composite?
False
Suppose -5*s - 75 + 520 = 0. Is s a prime number?
True
Suppose 0 = -0*g + 2*g - 10. Suppose -2*z = -g*o + 184, 2*o - 101 = -3*z - 16. Is o a composite number?
True
Suppose 4*l = -3*t + 59, 0 = -5*l + 2*l + 5*t + 8. Suppose s - 3 = l. Is s prime?
False
Let b = 40 + 15. Is b composite?
True
Suppose -3*v = -2*u + 24, -3*u + 18 = -3*v + u. Let c be -1*(-2)/(-4)*v. Is 6/(-12)*-38*c composite?
True
Suppose -20 = -5*g + 5. Suppose -b - g*j - 168 = -37, -2*b = 2*j + 278. Is b/(-4) + (-4)/16 a composite number?
True
Let q = -361 - -1667. Is q a prime number?
False
Let a = 1 - 0. Let h be a/(-2) - (-143)/(-2). Let d = h - -125. Is d a composite number?
False
Suppose -y = -3*y - 5*d + 2219, -5*d = 15. Is y a composite number?
False
Let d(w) be the second derivative of 5*w**3/6 + 5*w**2/2 - 4*w. Is d(6) a composite number?
True
Let o = 3 + 0. Suppose -3*h = -5*p - 6 + 1, -o*h + 17 = p. Is -11*p/4*-2 prime?
True
Suppose -z - 2454 = -3*b - 2*b, -3*z = -3. Is b a composite number?
False
Suppose -1435 = -5*m + 5*a, 6*m - 3*m - 846 = -2*a. Suppose -2*s = -2*j - 342, -2*j = 2*s + j - 362. Let d = m - s. Is d a prime number?
True
Let u = -100 - -694. Let g = u - 359. Suppose 3*m - 8*m + g = 0. Is m prime?
True
Let f be 851/(-4) - (-2)/(-8). Let p = f + 390. Suppose 3*v - p + 0 = 0. Is v a composite number?
False
Let k = -909 - -1830. Is k prime?
False
Let n be (278/(-8))/(2/8). Let t = 228 + n. Is t prime?
True
Let d = 361 - 212. Is d a composite number?
False
Let o = -675 + 992. Is o a prime number?
True
Suppose -4 - 4 = -2*h. Let z(g) = 2*g**3 + 4*g**2 - 2*g + 5. Let q be z(h). Is 2 + 2/2*q prime?
True
Let g = -8 - -477. Is g a composite number?
True
Is (-7)/((-35)/(-20))*214/(-4) composite?
True
Let s be ((-204)/(-10))/(1/5). Suppose 0 = 10*g - 13*g + s. Is g composite?
True
Suppose -11*q = -15*q + 2212. Is q prime?
False
Let u = 29 - -15. Suppose 3*k = 2*x + 506, k = x + 214 - u. Is k a composite number?
True
Let a = -48 + 4. Let w = 79 + a. Is w a composite number?
True
Let u = 9 - 20. Let m = 18 + u. Let s(w) = 4*w - 3. Is s(m) prime?
False
Let a be (15 - 0)*(-1)/(-3). Suppose z = -5*r + 3*z + 413, a*z = -r + 88. Is r composite?
False
Let m(g) = 63*g + 7. Is m(8) prime?
False
Let m be 2 - (10 - -1)*1. Let h(x) = x**3 + 10*x**2 + 11*x + 9. Let y be h(m). Is -3*(-267)/y*-1 a prime number?
True
Let m(r) = r + 5*r**3 + r**2 + 0*r**3 + 59 - 6*r**3. Is m(0) composite?
False
Suppose -3*l - 4*v + 20 = -12, -3 = -2*l + v. Suppose 67 = k - l*j, 3*k - 4*j = -9*j + 252. Is k a composite number?
False
Suppose -3*d + 5 = -4. Let w = d - 3. Is (-21)/(-3) + w + -1 prime?
False
Let l(f) = -f**2 + 11*f + 17. Let x be l(12). Suppose x*b - 290 = -5*t, -t + 4*t + 2*b = 171. Is t composite?
True
Let f(x) = x**3 + 5*x**2 - x - 5. Let y be f(-5). Let l be y - 0 - (5 - 91). Let h = l - 37. Is h prime?
False
Let p = 3 - -4. Let f = p - 3. Suppose 0 = 5*s - 20, 82 = f*r - 2*r + s. Is r a prime number?
False
Let p = 210 - 444. Let u be -2*(p/4 + 2). Suppose -3*g = -2*v + 40 + 3, -2*g = -5*v + u. Is v a composite number?
False
Let n = -14 + 10. Is 2*1/n*-238 composite?
True
Let y = 5 - 7. Let l(a) = a**2 - a - 5. Let q(b) = 3*b**2 - 2*b - 14. Let f(j) = y*q(j) + 7*l(j). Is f(-6) prime?
True
Let x(v) = 3*v**2 + 10*v - 2. Let y be x(16). Let g = 1305 - y. Is g composite?
False
Let t = 0 - -4. Suppose -5*l - 305 = -2*x, 86 = -2*l + t*x - 20. Let z = 96 + l. Is z a composite number?
True
Let o = 4 - 7. Is o/((-9)/(-6)) + 49 prime?
True
Let b(u) = -3275*u - 6. Is b(-1) a composite number?
True
Let n = -214 - 51. Is (0 - (0 - n))*-1 a composite number?
True
Suppose -2*h + 5 + 1 = 0. Suppose -h*t + 68 = -46. Is t prime?
False
Let n(j) = 5*j**2 - 1. Let h be n(-1). Is (1 + 5)/(h/6) prime?
False
Let d(v) = v**3 + 7*v**2 - 3*v - 9. Let g be d(-7). Let l = g + 9. Is l composite?
True
Suppose -2*l + 102 = -k - k, -4*k - 2*l - 210 = 0. Let j = 75 + k. Is j a composite number?
False
Suppose -5*u = -46 - 89. Suppose 5*p - 58 = 4*q, -p - 6 = -4*p. Let c = u + q. Is c a prime number?
False
Let h(p) = p**3 - p**2 + p + 87. Let i be h(0). Let k = i - 50. Is k a composite number?
False
Suppose -5*i + 19 = -1. Suppose -i*r - 3*h = -1622, 4*r - 1586 = -5*h + 32. Is r a prime number?
False
Suppose -36 = -4*u - 4*f + 8*f, 5*u + 4*f = 27. Is (-2 + u)*(-285)/(-25) a composite number?
True
Let x be (25/15)/((-1)/(-3)). Suppose 5*f = -3*h + 16 + 7, 3*h - 13 = x*f. Suppose q - h*q + 4*u = -186, q - 2*u - 36 = 0. Is q composite?
True
Let r = -606 + 1017. Let p = r + -266. Is p a composite number?
True
Let w be (-1)/(-3 - (-8)/3). Let f = 374 + -193. Suppose -2*p - 355 = -3*z, 48 - f = -z - w*p. Is z composite?
True
Let t be -3 - 18/(2 + -5). Suppose -t*q = -q - 586. Is q prime?
True
Suppose -3*s = -l - 110, -3*s + 90 = l + 2*l. Is s prime?
False
Let f = 948 + -299. Is f prime?
False
Suppose -4*a = -4*x + 16 + 8, 0 = 2*a - 4*x + 20. Suppose 0 = 2*u - 2*m - 36, 4*u = m + 118 - 31. Let j = a + u. Is j a prime number?
False
Let w = -22 - -89. Is w a composite number?
False
Let h = -1974 + 3645. Is h a composite number?
True
Let b(h) = 22*h**2 + 5*h - 9. Is b(2) a prime number?
True
Suppose -j - 3*j + 1340 = -2*g, 670 = 2*j + 3*g. Is j prime?
False
Let l = -258 + 469. Is l composite?
False
Suppose -3*p + 6*p = 2*t + 1378, -4*p = -t - 1834. Let n(h) = -h**2 + 15*h + 16. Let z be n(16). Suppose 3*q + f + z*f = 270, -p = -5*q + f. Is q prime?
False
Is (1884/(-16))/(2/(-8)) prime?
False
Let z(s) = -s**3 + 12*s**2 - 19*s + 15. Is z(8) prime?
False
Suppose 0 = 2*y + 2, -2*y - 17 = k + 76. Suppose 5*u = 3*l - 214, 3*u - l + 3*l = -136. Let v = u - k. Is v composite?
False
Suppose 4*j + 0*j - 3068 = 0. Is j comp